 4*v - 280 - r = 0. What are the prime factors of j?
2, 3, 23
Let i(z) = -41*z**3 - 2*z - 7. Suppose 7 - 35 = 14*k. List the prime factors of i(k).
5, 13
Suppose -130*n - 16 = -126*n, -3*s + 2*n = -64289. List the prime factors of s.
7, 3061
Suppose 28*p - 529980 = -17*p - 21*p. What are the prime factors of p?
2, 5, 11, 73
Suppose 3*a + 12 = 0, -5*a - 11 = -5*b + 29. Suppose 3*h + b*i = 2*i + 34, -3*i = -6. What are the prime factors of h?
2, 5
Let y be (-26)/(0 + -2) - 0. Let s be (-2)/y + (-41)/(-13). Suppose 4*k + s*w - 35 = -k, 2*k + 2*w = 18. List the prime factors of k.
2
What are the prime factors of -11 + (2092 - (-23 + 13))?
3, 17, 41
Let n be 2797 + ((-3)/(-2) - (-72)/(-16)). Suppose -12*d - 238 + n = 0. List the prime factors of d.
3, 71
What are the prime factors of 165*445*34/255?
2, 5, 11, 89
Let a = -128 + 124. What are the prime factors of (-2 + (-6)/a)*-200?
2, 5
Let s be (100/(-40))/(10/(-4) + 2). Let n(p) = 6*p**2 - 3*p + 5. Let o be n(s). Suppose -2*k = 3*g - 7*g - o, 350 = 5*k + 5*g. What are the prime factors of k?
2, 5, 7
Let c(l) = l**3 + 3*l**2 + 5. Let y be c(-3). Suppose -y*m = -19*m + 7070. Suppose -d + 5*i = -121, 0*i + m = 4*d + i. List the prime factors of d.
2, 3, 7
Suppose -60 = 2*n + c - 187, -345 = -5*n + 3*c. Let z = n + 288. List the prime factors of z.
2, 3, 59
Let h(c) = 4*c - 108. Let i be h(30). Suppose -11*a + 2456 = -9*a - 2*t, 0 = -4*t - i. What are the prime factors of a?
5, 7
Let m = 3029 + 2534. What are the prime factors of m?
5563
Let w = -63 + 228. List the prime factors of (-90)/w - (-5727)/33.
173
Suppose j - 3 = 1. Let g(o) = o**3 + 8*o**2 + 7*o + 6. Let i be g(-6). Suppose y - i = -5*r - 2, j*y - 3*r - 159 = 0. List the prime factors of y.
3, 13
Suppose d + 4*d - 2 = p, -2*p = -5*d - 1. Let l be 117/18*(d + -15). Let c = l + 199. List the prime factors of c.
2, 3
Let h = -179 + 183. Suppose -3*s = -0*k + 2*k - 626, h*k = -5*s + 1254. What are the prime factors of k?
2, 79
Let c(s) be the second derivative of s**4/12 + 4*s**3/3 - 29*s**2/2 - 4*s. Let p(d) = -d**2 + 16*d + 2. Let m be p(17). List the prime factors of c(m).
2, 19
Let p(w) = 5382*w - 12087. List the prime factors of p(4).
3, 1049
Let q(s) = -3*s + 44. Let m be q(14). Suppose 7*o - 10 = 2*o. Suppose 5*x = -2*h + 87, o*h - m*x = x + 127. What are the prime factors of h?
2, 7
Let x(t) = t**3 - 68*t**2 - 16*t - 2049. What are the prime factors of x(72)?
3, 5, 7, 167
Suppose 4*p + 4*v = 1052, 5*p - 3*v - 752 = 603. Suppose -10 = 6*f - 11*f, 4*g + 4*f = 1528. Let r = g - p. List the prime factors of r.
2, 7
Let h = -252 + 256. Suppose 31*o = 33*o + 3*z - 63, h*z = -12. What are the prime factors of o?
2, 3
Let h(q) = 110*q**3 + 5*q**2 - 6*q + 2. Let b be h(2). Suppose 13*g + b = 4465. List the prime factors of g.
5, 11
List the prime factors of 4/(28/(-8) - -4) + 3034.
2, 3, 13
Let c = 14202 - -15468. What are the prime factors of c?
2, 3, 5, 23, 43
Suppose 19*i = -93*i - 6*i + 812666. What are the prime factors of i?
71, 97
Let i = -109 - -211. Suppose 6*h - i = -0*h. Suppose 20*j = h*j + 234. List the prime factors of j.
2, 3, 13
Let w(o) = 2*o**2 - 265*o + 321. What are the prime factors of w(-66)?
3, 7, 421
Suppose 0 = -c, 0 = -2*w + c + c - 16. Let h = 151 + w. List the prime factors of h.
11, 13
Let c(d) = 12*d**2 + 15*d + 1. Let q be c(-7). Let f = q - 208. What are the prime factors of f?
2, 3, 23
Suppose -9374 = -v - 2*w + 5711, -v + 5*w = -15085. List the prime factors of v.
5, 7, 431
Let i(k) = -239*k**2 + 3*k - 2. Let d = 6 + -5. Let n be i(d). Let m = n + 342. What are the prime factors of m?
2, 13
Suppose 0*k + 6 = k. Suppose -k = -5*x - x. List the prime factors of -1 + -2 + 142*1 + x.
2, 5, 7
Let q(a) = -106*a + 267. Suppose -8*u + 2*u - 36 = 0. List the prime factors of q(u).
3, 7, 43
Let i(g) = -20 + 2 + 53 + 46 - 16*g. List the prime factors of i(0).
3
Suppose 15*k + 251 = 41. List the prime factors of (-70 + 0)*63/k.
3, 5, 7
Let h(o) = o**3 - o**2 - 2*o + 323. Let q be h(0). Let f = 496 - q. List the prime factors of f.
173
Let m(o) be the second derivative of 5*o**2 - 5*o + 0 + 5/12*o**4 + o**3. List the prime factors of m(-4).
2, 3, 11
Suppose -46460 - 10994 = -2*d + 3*h, 18 = 3*h. What are the prime factors of d?
2, 449
Let r(a) be the third derivative of -19*a**4/12 - a**3/2 + 34*a**2. Let y(g) = -38*g - 3. Let b(q) = -3*r(q) + 2*y(q). List the prime factors of b(4).
5, 31
What are the prime factors of 17/102 - (-345059)/78?
2, 7, 79
Let n(r) = -870*r - 1138. List the prime factors of n(-36).
2, 15091
Let u(j) = 3*j**2 + 7*j + 3. Let a be u(4). Suppose -3*q + 305 = -a. List the prime factors of q.
2
Suppose -44 = -2*q + 6*a - 4*a, -2*q + a = -42. List the prime factors of 464/5 + 4/q.
3, 31
Let r = 9068 - -1418. List the prime factors of r.
2, 7, 107
Let u(a) = -a + 5. Let h be u(3). Suppose -f + h*g + 40 = 4*f, 0 = 4*f + 4*g - 60. Let i(v) = 2*v**2 - 11*v - 4. What are the prime factors of i(f)?
2, 43
Let b(v) = 3678*v - 2032. List the prime factors of b(17).
2, 7, 29, 149
Suppose 11*b = 14*b - 66519. Suppose 25*w - b = 2602. What are the prime factors of w?
991
Let m = -7 + 346. Suppose -y - 2*v = -92, -5*y - 3*v + 93 = -m. List the prime factors of y.
2, 3, 7
Let s be (-10)/15 + (-1)/3*-74561. Suppose -38*d + 9*d + s = 0. List the prime factors of d.
857
Let o = -59 + 17. Let u be ((2 - -1) + o/(-9))*3. Let z = u - -43. List the prime factors of z.
2, 3, 11
Suppose -107*d - 987984 = -179*d. List the prime factors of d.
2, 3, 2287
Let y = 281 + -278. Suppose -5 - 3 = -2*a. Suppose a*z - 148 = -f, -3*f + 0*f + y*z = -504. List the prime factors of f.
2, 41
Let f = 919 + -2287. List the prime factors of 6 - f/16*2.
3, 59
Suppose 53*y + 1545 = 54*y. Suppose 105*w + y = 108*w. List the prime factors of w.
5, 103
Suppose 4*m + 0*r - 18 = -2*r, -4*r = 2*m - 24. Let x(z) = 10 - 2*z + 7*z - 16 + 7*z**m. What are the prime factors of x(3)?
2, 3
Let u be 69094/42 - (-26)/(-273). Suppose u = 8*c - c. List the prime factors of c.
5, 47
Suppose 4*w = -3*j + 34, -113 = -5*j - 3*w - 60. Suppose 0 = j*o - 1801 - 3189. What are the prime factors of o?
499
Let t be 12/(-21) + -5*965/(-175). What are the prime factors of (-1551)/(-9) - (-18)/t?
173
Suppose 33*y + 546 = -6*y. Let j be ((-10)/3)/(4/12). List the prime factors of (y/10)/((-3)/(-6))*j.
2, 7
Let h(b) = -16*b**3 + 2*b**2 - 5*b. Suppose 7*w - 26 = -5. Let c(s) = -48*s**3 + 5*s**2 - 14*s. Let f(g) = w*c(g) - 8*h(g). What are the prime factors of f(-1)?
17
Let d(k) = -22*k**2 - 14*k - 72. Let l be d(-4). Let j = l + 499. List the prime factors of j.
131
Suppose -t + 5*z = t - 11, 0 = 3*t + 4*z - 28. Suppose 652 = t*h - 948. List the prime factors of h.
2, 5
Let q = 89 + -80. Suppose q*v - 4*v - 3*h - 835 = 0, 139 = v + 5*h. What are the prime factors of v?
2, 41
Let b = -106 + 59. Let c = 55 + b. Suppose 273 = 11*f - c*f. List the prime factors of f.
7, 13
Let c be 134 - (1/(-1) + 3). Suppose -3 = 9*z + c. Let v = z - -143. What are the prime factors of v?
2
Suppose -42*j = 196011 + 75603. What are the prime factors of j/(-15) + (8 - 1586/195)?
431
Let f = 555 - 550. Suppose -5*a = i - 1355, 1600 = f*i - 4*a - 5088. What are the prime factors of i?
2, 5, 67
Suppose 63*x - 28*x - 446132 - 129233 = 0. List the prime factors of x.
17, 967
Let r(z) = -3*z**3 - 5*z**2 - 8*z + 51. Let f be r(-7). Suppose -1766 = -2*k + 2*g, 0*g - 3*g = k - f. What are the prime factors of k?
3, 5, 59
Let i(z) = 19*z**2 - 171*z + 1992. What are the prime factors of i(13)?
2, 5, 149
Suppose -4*r = 47*x - 45*x - 39334, 2*r = 3*x + 19655. List the prime factors of r.
2, 1229
Suppose -40419 = -3*f - 3*d, -19*f + 67370 = -14*f + 4*d. What are the prime factors of f?
2, 23, 293
Suppose -9*v + 31 - 4 = 0. Suppose d + 2*z = v*z + 1000, 3*d = -3*z + 2976. List the prime factors of d.
2, 3, 83
Let x be (4/(-6))/(2/21). Let m(h) = h**3 + 5*h**2 - 20*h - 22. What are the prime factors of m(x)?
2, 5
Let s be (-7 - (-7404)/12)/((-2)/(-4)). Let y = s + -432. What are the prime factors of y?
2, 197
Let s = -7653 + 17183. Suppose -15*a + 25*a - s = 0. List the prime factors of a.
953
Suppose -10*m - 3723 = -1153. Let q = m - -310. What are the prime factors of q?
53
Suppose 22876 = 3*l + o - 33241, 0 = 